te the remainder when 24 is divided by 14.
10
Calculate the remainder when 13830 is divided by 159.
156
Calculate the remainder when 3101 is divided by 29.
27
What is the remainder when 2602 is divided by 322?
26
What is the remainder when 277 is divided by 100?
77
Calculate the remainder when 10789 is divided by 22.
9
What is the remainder when 111 is divided by 51?
9
Calculate the remainder when 1049 is divided by 105.
104
What is the remainder when 241 is divided by 63?
52
What is the remainder when 153 is divided by 54?
45
What is the remainder when 133 is divided by 56?
21
What is the remainder when 10489 is divided by 22?
17
Calculate the remainder when 2377 is divided by 39.
37
What is the remainder when 1134 is divided by 176?
78
Calculate the remainder when 946 is divided by 184.
26
Calculate the remainder when 2024 is divided by 76.
48
What is the remainder when 25 is divided by 7?
4
What is the remainder when 459 is divided by 95?
79
Calculate the remainder when 112 is divided by 31.
19
Calculate the remainder when 114 is divided by 25.
14
What is the remainder when 47 is divided by 8?
7
Calculate the remainder when 819 is divided by 45.
9
What is the remainder when 480 is divided by 37?
36
What is the remainder when 1271 is divided by 631?
9
Calculate the remainder when 214 is divided by 109.
105
Calculate the remainder when 573 is divided by 7.
6
Calculate the remainder when 136 is divided by 14.
10
What is the remainder when 411 is divided by 59?
57
What is the remainder when 99 is divided by 18?
9
What is the remainder when 726 is divided by 12?
6
Calculate the remainder when 476 is divided by 96.
92
Calculate the remainder when 98 is divided by 36.
26
What is the remainder when 102 is divided by 7?
4
Calculate the remainder when 562 is divided by 538.
24
Calculate the remainder when 189 is divided by 25.
14
Calculate the remainder when 350 is divided by 33.
20
What is the remainder when 948 is divided by 428?
92
What is the remainder when 456 is divided by 155?
146
Calculate the remainder when 6165 is divided by 257.
254
What is the remainder when 3239 is divided by 23?
19
Calculate the remainder when 65 is divided by 17.
14
Calculate the remainder when 221 is divided by 37.
36
Calculate the remainder when 435 is divided by 121.
72
Calculate the remainder when 9407 is divided by 30.
17
Calculate the remainder when 758 is divided by 69.
68
What is the remainder when 36 is divided by 20?
16
Calculate the remainder when 2839 is divided by 142.
141
What is the remainder when 863 is divided by 68?
47
What is the remainder when 144 is divided by 85?
59
Calculate the remainder when 575 is divided by 197.
181
What is the remainder when 149 is divided by 143?
6
What is the remainder when 126 is divided by 65?
61
Calculate the remainder when 30 is divided by 22.
8
Calculate the remainder when 6 is divided by 1.
0
What is the remainder when 115 is divided by 13?
11
What is the remainder when 3567 is divided by 21?
18
What is the remainder when 1097 is divided by 50?
47
Calculate the remainder when 1403 is divided by 279.
8
Calculate the remainder when 4709 is divided by 124.
121
Calculate the remainder when 26 is divided by 8.
2
Calculate the remainder when 215 is divided by 18.
17
Calculate the remainder when 207 is divided by 24.
15
What is the remainder when 25242 is divided by 19?
10
Calculate the remainder when 45 is divided by 21.
3
Calculate the remainder when 169 is divided by 36.
25
Calculate the remainder when 3649 is divided by 85.
79
Calculate the remainder when 478 is divided by 225.
28
Calculate the remainder when 77 is divided by 21.
14
Calculate the remainder when 3185 is divided by 320.
305
What is the remainder when 438 is divided by 117?
87
What is the remainder when 303 is divided by 18?
15
Calculate the remainder when 316 is divided by 32.
28
What is the remainder when 104 is divided by 47?
10
Calculate the remainder when 183 is divided by 79.
25
Calculate the remainder when 401 is divided by 22.
5
Calculate the remainder when 247 is divided by 72.
31
Calculate the remainder when 2653 is divided by 650.
53
What is the remainder when 634 is divided by 27?
13
Calculate the remainder when 693 is divided by 116.
113
Calculate the remainder when 225 is divided by 39.
30
What is the remainder when 277 is divided by 66?
13
What is the remainder when 2126 is divided by 84?
26
What is the remainder when 1820 is divided by 593?
41
What is the remainder when 143 is divided by 25?
18
Calculate the remainder when 224 is divided by 104.
16
Calculate the remainder when 18 is divided by 12.
6
What is the remainder when 542 is divided by 177?
11
Calculate the remainder when 396 is divided by 101.
93
Calculate the remainder when 2966 is divided by 119.
110
Calculate the remainder when 311 is divided by 34.
5
Calculate the remainder when 472 is divided by 470.
2
What is the remainder when 297 is divided by 79?
60
What is the remainder when 343 is divided by 35?
28
Calculate the remainder when 126 is divided by 31.
2
Calculate the remainder when 297 is divided by 60.
57
What is the remainder when 4131 is divided by 21?
15
Calculate the remainder when 3267 is divided by 814.
11
What is the remainder when 159 is divided by 82?
77
Calculate the remainder when 268 is divided by 97.
74
Calculate the remainder when 1392 is divided by 107.
1
What is the remainder when 46 is divided by 37?
9
Calculate the remainder when 82 is divided by 12.
10
Calculate the remainder when 839 is divided by 35.
34
Calculate the remainder when 281 is divided by 81.
38
Calculate the remainder when 79 is divided by 45.
34
Calculate the remainder when 109 is divided by 24.
13
What is the remainder when 262 is divided by 8?
6
Calculate the remainder when 246 is divided by 50.
46
What is the remainder when 268 is divided by 55?
48
What is the remainder when 10863 is divided by 205?
203
Calculate the remainder when 51 is divided by 7.
2
Calculate the remainder when 1878 is divided by 625.
3
Calculate the remainder when 1841 is divided by 74.
65
What is the remainder when 476 is divided by 131?
83
What is the remainder when 83 is divided by 22?
17
Calculate the remainder when 36 is divided by 5.
1
Calculate the remainder when 30248 is divided by 10.
8
What is the remainder when 53 is divided by 28?
25
What is the remainder when 233 is divided by 37?
11
What is the remainder when 196 is divided by 25?
21
What is the remainder when 528 is divided by 225?
78
What is the remainder when 612 is divided by 5?
2
Calculate the remainder when 1267 is divided by 11.
2
What is the remainder when 164 is divided by 27?
2
What is the remainder when 264 is divided by 43?
6
Calculate the remainder when 501 is divided by 36.
33
What is the remainder when 1247 is divided by 7?
1
Calculate the remainder when 341 is divided by 87.
80
Calculate the remainder when 136 is divided by 3.
1
Calculate the remainder when 130 is divided by 72.
58
Calculate the remainder when 95 is divided by 20.
15
Calculate the remainder when 727 is divided by 17.
13
What is the remainder when 17760 is divided by 14?
8
What is the remainder when 470 is divided by 164?
142
What is the remainder when 158 is divided by 33?
26
Calculate the remainder when 172 is divided by 29.
27
Calculate the remainder when 63 is divided by 21.
0
Calculate the remainder when 39 is divided by 15.
9
Calculate the remainder when 2655 is divided by 332.
331
Calculate the remainder when 1580 is divided by 22.
18
What is the remainder when 290 is divided by 68?
18
Calculate the remainder when 999 is divided by 328.
15
Calculate the remainder when 1225 is divided by 137.
129
Calculate the remainder when 5179 is divided by 28.
27
Calculate the remainder when 326 is divided by 84.
74
Calculate the remainder when 1770 is divided by 7.
6
Calculate the remainder when 121 is divided by 109.
12
What is the remainder when 366 is divided by 123?
120
Calculate the remainder when 538 is divided by 30.
28
Calculate the remainder when 855 is divided by 26.
23
Calculate the remainder when 253 is divided by 21.
1
What is the remainder when 576 is divided by 83?
78
Calculate the remainder when 338 is divided by 50.
38
What is the remainder when 139 is d